14
Let p(a) = -9*a + 5. Suppose 351 - 390 = 13*y. What is p(y)?
32
Let p be 2 - -1 - -5 - 3. Let t(f) = 2*f - 1 + p*f - 4 - 6*f. Give t(7).
2
Suppose -31 + 19 = -3*c. Let y(n) be the first derivative of -c*n - 3/2*n**2 + 2. Give y(-3).
5
Suppose 0 = 2*u + 4. Let k(x) = 10*x**3 + 19*x**2 + 13*x + 3. Let q(v) = -7*v**3 - 13*v**2 - 9*v - 2. Let o(w) = 5*k(w) + 7*q(w). What is o(u)?
5
Let r(v) = -v**2 - 2*v + 1. Let w(s) = -s**2 + 9*s + 14. Let g(a) = -2*r(a) + w(a). What is g(-12)?
0
Let p(o) be the third derivative of -1/360*o**6 + 7*o**2 - 3/2*o**3 + 0*o + 1/24*o**5 - 1/24*o**4 + 0. Let z(d) be the first derivative of p(d). Give z(5).
-1
Let v be (-4)/12 + (-98)/(-6). Let c be v/(7 + -3) + 0. Let w be (6/c)/(4/(-16)). Let b(t) = t**2 + 7*t + 3. What is b(w)?
-3
Let h(b) = -10*b - 2. Let j be (-1 + (50/(-15) - -4))*3. Give h(j).
8
Let g(r) be the second derivative of -r**4/12 + r**3/2 + 7*r**2/2 + 5*r. Let j(k) = -k**2 + 16*k + 6. Let v be 2*(14 + -4 - 2). Let o be j(v). Determine g(o).
-11
Let w(o) = -2*o**3 + 81*o**2 + 48*o - 292. Let v be w(41). Let q(h) = 4*h + 19. Let a = -1 + -1. Let j(r) = r + 5. Let x(p) = a*q(p) + 9*j(p). What is x(v)?
2
Let k(r) be the first derivative of 13*r**5/120 + r**4/24 + 4*r**3/3 + 5. Let z(m) be the third derivative of k(m). Determine z(-1).
-12
Let x(h) = -5 + 0 + 7 - 7*h. Determine x(3).
-19
Let k(x) be the third derivative of 0 - 7/60*x**5 - 1/120*x**6 - 19*x**2 + 1/3*x**3 - 1/3*x**4 + 0*x. Calculate k(-6).
14
Let f(p) = 2*p**2 - 5*p - 2. Let q(a) = a**2 + 2*a. Let u(w) = f(w) - 4*q(w). Give u(-4).
18
Let i = -32 + 33. Let y(z) = 2*z + 1 + i - 1 - 8. Let h = 13 + -6. What is y(h)?
7
Suppose -q = -3*i - 21, 11*q - 6*q - 15 = 0. Let o(h) = h**3 + 6*h**2 - h - 8. Give o(i).
-2
Let o(c) = -3*c - c**2 - c**2 + c**3 + 2*c. Suppose -3*n = v - 9, -3*n = -362*v + 367*v - 21. Give o(v).
6
Let c be (-175)/4 + 57/12 + -4. Let q = -52 - c. Let r(s) = -s - 15. What is r(q)?
-6
Let c(a) be the first derivative of -4*a**2 - 5*a + 1/4*a**4 + 2*a**3 - 16. What is c(-7)?
2
Let k(o) = 2*o**2 + 12*o - 2. Let r(x) = x**2 + 7*x - 1. Let p(n) = 3*k(n) - 5*r(n). Let b = -1 - 2. Calculate p(b).
5
Suppose -40 = 5*o - 45. Let r(v) = 9*v**3 + 6*v**2 + 2*v + 1. Let n(w) = 8*w**3 + 5*w**2 + w + 1. Let c(l) = 4*n(l) - 3*r(l). What is c(o)?
6
Suppose 4 = -4*v - 8, -2*r + 13 = -3*v. Let a(i) = -2*i**3 + 4 + 12*i**2 + 2*i - 6 + 2*i**2 - 12*i**2. What is a(r)?
-6
Let h(q) = q**3 - 5*q**2 + 6. Suppose -4*a = -7*w + 2*w + 34, -2*w + 4 = 0. Let j be (-6)/4*(-40)/(-60). Let i = j - a. Give h(i).
6
Let x(o) = o - 14. Let q(a) = -a + 13. Let v(m) = -5*q(m) - 4*x(m). Let z be v(8). Let t(r) = 1 + 6*r + 12*r**3 - 4*r - 7*r**3 + 2*r**2. Determine t(z).
-4
Suppose 2*t + 7 = -2*p + 3, -2*t + 31 = -3*p. Let i(y) = -y**3 - 7*y**2 - 4. Give i(p).
-4
Let z(g) = 4 - g + 0*g**2 - g**2 + 3*g. Let d be 3/((-3 - -2)/(-1)). Give z(d).
1
Let h(x) be the second derivative of -x**4/12 - 2*x**3/3 + 2*x**2 - 3*x + 5. Calculate h(-5).
-1
Let b = 9 - 7. Suppose y = 4 - b. Let u(m) = 4*m + 0*m**2 + 2*m**2 + 0 + 4 - m**y. Give u(-4).
4
Let z(a) = -a + 11. Let n = 49 - 41. Let w be z(n). Let u(c) = -c**2 - 4*c + 1. Calculate u(w).
-20
Let f(v) = v**2 - 24*v + 63. Let o = -191 + 212. Let b be f(o). Let t(k) = 2*k - 9 + 1 - 3*k. Calculate t(b).
-8
Let c = 3 + -3. Let j(q) be the first derivative of -q**6/360 - q**5/120 + 13*q**4/24 + 7*q**3 - 22. Let p(h) be the third derivative of j(h). Give p(c).
13
Let l(g) = -g + 5. Let f(n) = -17*n + 20. Let v(w) = 8*w - 10. Let y(u) = -6*f(u) - 13*v(u). Let s(j) = -5*l(j) + 2*y(j). Give s(4).
-1
Let z = 3 + 1. Suppose z*p + 1 = 5. Suppose -t - p = 4. Let l(g) = -g + 5. Calculate l(t).
10
Let n(p) be the first derivative of -p**2/2 - 6. Suppose 0 = -3*u + 2*u + 5*g - 12, 4*u + 2 = -3*g. Let y be u - (3 - (-2 - 0)). Calculate n(y).
7
Let w(n) = -n - 1. Suppose -6*z = y - 2*z + 91, 0 = y + z + 91. Let o = -86 - y. Determine w(o).
-6
Let x(s) = 3*s**3 + 7*s**2 + 7*s + 7. Let l(v) = v**3 + 2*v**2 + 2*v + 2. Let g(u) = 14*l(u) - 4*x(u). Let f = -11 - -13. Suppose -f*q + 2 = -0. Determine g(q).
2
Let q(c) = c**2 + 4*c + 7. Suppose 2*x + 0 = -8. Determine q(x).
7
Let b be 1/8 + 6/(-48). Let o(c) = c**2 - c - 5. Calculate o(b).
-5
Let d(u) = -4*u**3 + u**2 + 2*u + 1. Let p = -24 + -2. Let v = p - -25. Give d(v).
4
Let q(g) = -g**3 - 5*g**2 - 6*g + 2. Let p be q(-3). Let y(b) = b**2 + b**p + 4*b - 2 - b**2 + 3*b. What is y(-5)?
-12
Let h = 120 + -118. Suppose 0 = 2*y - 7*y - 15, -h*j + 20 = -4*y. Let z(o) = -o + 9. Determine z(j).
5
Let x(h) = -h**3 - 4*h**2 - h - 3. Suppose 4*z = 3 - 19. What is x(z)?
1
Let v(r) be the second derivative of -1/2*r**2 + 0 + 0*r**3 + 1/20*r**5 - 1/12*r**4 + 17*r. Calculate v(2).
3
Let m(i) = 196 - 196 + i - i**2. Suppose 0 = -0*v + v - 4. Suppose 7 - 15 = -4*q - v*l, 0 = -3*q + 4*l - 8. Calculate m(q).
0
Let r(n) be the second derivative of -9*n**5/4 + n**4/6 + n**3/2 + n**2 + 12*n. Determine r(-1).
46
Let z(t) = 6 + 6 + 51*t**2 + t**3 - t - 19*t**2 - 9 - 27*t**2. Let c(y) = -4*y + 3*y + 3*y + 11. Let d be c(-8). What is z(d)?
8
Let h = 1705 + -1698. Let n(t) = t**2 - 10*t. What is n(h)?
-21
Let n be 6*(30/4)/15. Let o(i) be the first derivative of 3/2*i**2 - n*i + 5. What is o(5)?
12
Let i(z) = -z**3 - 3*z**2 - z - 1. Let u(l) = -2*l - 3 + 7*l + 3*l - l**3 + 7*l**2. Let a be u(8). Give i(a).
2
Let q(b) = -9*b - 21. Let c be q(6). Let s = c + 81. Let o(u) = 2*u - 9. Calculate o(s).
3
Suppose o - 3 = -0*o. Let s(y) be the second derivative of -y**4/12 - y**3/6 - 10*y. What is s(o)?
-12
Let t = -12 - -16. Let v(x) = -251*x - 249*x + 504*x. What is v(t)?
16
Let i(j) be the first derivative of j**4/4 - j**3/3 - j**2/2 - 24*j + 11. Calculate i(0).
-24
Let q(b) be the first derivative of -b**2 + 31*b + 275. What is q(12)?
7
Let w(l) = 6*l**2 - 8*l - 1. Let c(j) = -5*j**2 + 8*j. Let s(u) = -5*c(u) - 4*w(u). Suppose -17*y + 12*y + 41*y - 252 = 0. What is s(y)?
-3
Let d(v) be the third derivative of -v**4/24 + v**3/3 + 51*v**2. Let r(s) = s**3 - 2*s**2 + s. Let z be r(1). Let f be (-1)/(-1)*(-2 - z). What is d(f)?
4
Let n(d) be the first derivative of 11*d**2/2 + 8*d + 23. Let q(o) = 5*o + 4. Let y(g) = 6*n(g) - 13*q(g). Determine y(2).
-2
Let g(a) = -a**3 + 3*a**2 - 1. Let i be 5 + (2 - 0 - 5). Calculate g(i).
3
Let q(b) be the second derivative of -b**4/12 - b**3/6 + 7*b**2 + b. Let g = -71 + 41. Let y = g + 30. Calculate q(y).
14
Let z = 101 - 97. Suppose 0 = a - 4, h - 3*a + 17 = -z*h. Let x(m) = -6*m**2 + 2*m + 1. Give x(h).
-7
Let l(h) = -h**3 - 6*h**2 + 3*h + 9. Suppose -44*c - 180 - 84 = 0. Give l(c).
-9
Let k be 7/(21/6) + 1*-9. Let m(w) = w**2 + 6*w - 4. Let g be m(k). Let a(z) = 2*z**2 + 3. Calculate a(g).
21
Let a(q) = 4*q**2 + 46*q - 34. Let n be a(-12). Let c(d) = -d**3 - 9*d**2 + 7*d - 1. Determine c(n).
29
Suppose 0 = 30*o - 279 + 9. Let n(h) = 3*h - 7. Determine n(o).
20
Let x(s) = -s**2 - 6*s**3 - 8*s**3 + 2 - 5*s**3 + 18*s**3 + 3*s. Determine x(-3).
11
Let b(w) be the second derivative of -1/12*w**4 + w**2 + 7/6*w**3 + 0 - 42*w. Determine b(7).
2
Let q(g) = -g**2 + 13*g + 11. Let a(f) = -f**2 + 7*f + 6. Let w(j) = 11*a(j) - 6*q(j). Suppose -u = h + 2 + 1, 0 = h - 4*u - 22. Calculate w(h).
-22
Let f(n) = n**3 - 7*n**2 + 8*n - 7. Suppose -2*d = -8, 0 = -5*x + d + 2*d - 7. Let i = x + 3. Suppose 0 = 6*q - i*q - 12. Calculate f(q).
5
Suppose 0*v + 4*v = 12. Suppose v = 5*l - 22. Let i(t) = -t**3 + 6*t**2 - 5*t + 3. Give i(l).
3
Let t be (-4)/26 + 576/(-312). Let v = -13 - t. Let l(j) = -j**3 - 12*j**2 - 10*j + 12. Calculate l(v).
1
Suppose a + 25 = 2*a - 4*l, 5*l = -a + 25. Suppose -4*o - a = -5. Let g(u) = -u**3 - 5*u**2 + 2*u + 3. Calculate g(o).
-7
Let k(d) = -8*d - 17. Let h be k(-1). Let a(o) = 2*o + 2. What is a(h)?
-16
Let i(f) = f**2 + 5*f - 2. Let y be i(0). Let x(w) = 4*w**2 + 5*w + 2. Let t(k) = 0*k**2 - k + 2 - 2 - k**2. Let a(g) = -3*t(g) - x(g). Give a(y).
-2
Let x(y) = 3*y**2 + y. Let p be 3/2 + (-2)/(-4). Let f be x(p). Suppose 4 = 3*k - f. Let l(h) = -h + 5. Calculate l(k).
-1
Let o(d) = -d**3 - 4*d**2 + 7*d + 5. Let y(u) = -u**2 + u + 3. Let r be y(0). Suppose -4*a = -k + 6*k + 29, 10 = -r*k + 5*a. What is o(k)?
-5
Let v(l) = 7*l + 3. Let m(u) = -4*u - 2. Let g(b) = -5*m(b) - 3*v(b). L